mmon divisor of 3228 and 4?
4
Calculate the greatest common factor of 222 and 96.
6
Calculate the greatest common divisor of 20 and 904.
4
Calculate the greatest common factor of 1862 and 1666.
98
Calculate the greatest common factor of 735 and 420.
105
What is the highest common divisor of 8446 and 656?
82
Calculate the greatest common divisor of 3275 and 25.
25
Calculate the highest common factor of 638 and 198.
22
Calculate the greatest common factor of 12 and 53772.
12
Calculate the highest common factor of 84 and 196.
28
Calculate the highest common divisor of 2709 and 63.
63
What is the highest common factor of 133 and 10089?
19
What is the highest common factor of 1512 and 81?
27
What is the highest common divisor of 225 and 25?
25
Calculate the highest common divisor of 952 and 204.
68
Calculate the greatest common divisor of 3882 and 6.
6
Calculate the greatest common factor of 1265 and 495.
55
Calculate the highest common factor of 117 and 533.
13
Calculate the greatest common factor of 1584 and 80.
16
Calculate the greatest common factor of 4 and 136.
4
Calculate the greatest common divisor of 17 and 1.
1
What is the highest common factor of 23 and 1863?
23
What is the highest common divisor of 70 and 520?
10
Calculate the highest common divisor of 42 and 336.
42
Calculate the highest common divisor of 17147 and 117.
13
What is the greatest common factor of 195 and 45?
15
What is the greatest common divisor of 160 and 1080?
40
Calculate the greatest common divisor of 910 and 30.
10
Calculate the highest common factor of 34 and 2176.
34
Calculate the greatest common factor of 58 and 9889.
29
Calculate the highest common factor of 24 and 54.
6
Calculate the highest common factor of 65 and 39.
13
What is the highest common divisor of 45 and 7080?
15
What is the greatest common divisor of 2314 and 712?
178
What is the greatest common factor of 8400 and 224?
112
Calculate the highest common factor of 3140 and 10.
10
What is the greatest common factor of 117 and 416?
13
Calculate the greatest common factor of 194 and 10088.
194
What is the highest common factor of 36 and 2412?
36
Calculate the greatest common factor of 232 and 8062.
58
Calculate the highest common divisor of 96 and 912.
48
What is the greatest common divisor of 3 and 6189?
3
What is the highest common factor of 885 and 2065?
295
Calculate the highest common factor of 325 and 117.
13
Calculate the highest common factor of 63 and 18.
9
Calculate the greatest common divisor of 8 and 3316.
4
What is the highest common factor of 24 and 72?
24
What is the greatest common factor of 276 and 184?
92
Calculate the greatest common divisor of 9021 and 93.
93
What is the highest common factor of 195 and 15?
15
What is the highest common divisor of 1537 and 58?
29
What is the greatest common factor of 35 and 84?
7
What is the greatest common divisor of 273 and 22204?
91
What is the greatest common divisor of 1 and 169?
1
Calculate the greatest common divisor of 9882 and 122.
122
Calculate the greatest common divisor of 14 and 70.
14
Calculate the highest common factor of 2235 and 15.
15
Calculate the greatest common divisor of 24416 and 896.
224
Calculate the greatest common divisor of 228 and 60.
12
What is the greatest common factor of 1179 and 9?
9
Calculate the highest common factor of 3180 and 53.
53
What is the greatest common factor of 175 and 182?
7
Calculate the greatest common factor of 712 and 112.
8
What is the highest common divisor of 154 and 33?
11
What is the highest common divisor of 1 and 1619?
1
What is the highest common factor of 14 and 973?
7
What is the greatest common factor of 1175 and 25?
25
Calculate the highest common divisor of 1098 and 122.
122
What is the greatest common factor of 60 and 258?
6
Calculate the greatest common divisor of 26 and 39.
13
What is the greatest common factor of 325 and 585?
65
What is the greatest common factor of 432 and 9?
9
What is the highest common divisor of 36 and 234?
18
Calculate the highest common divisor of 348 and 108.
12
Calculate the greatest common factor of 174 and 9831.
87
Calculate the greatest common factor of 7 and 4781.
7
Calculate the greatest common divisor of 535 and 8881.
107
What is the highest common divisor of 144 and 936?
72
Calculate the highest common divisor of 30 and 50.
10
What is the greatest common divisor of 224 and 128?
32
Calculate the highest common divisor of 39 and 52.
13
Calculate the highest common divisor of 53 and 371.
53
Calculate the greatest common divisor of 30 and 4080.
30
What is the highest common divisor of 620 and 372?
124
Calculate the greatest common factor of 300 and 90.
30
What is the greatest common factor of 1519 and 31?
31
What is the highest common factor of 56 and 40?
8
Calculate the highest common divisor of 110 and 20.
10
What is the highest common divisor of 60 and 220?
20
What is the highest common divisor of 350 and 200?
50
Calculate the highest common factor of 59 and 74399.
59
What is the greatest common divisor of 1242 and 1104?
138
What is the highest common divisor of 3 and 6?
3
Calculate the highest common factor of 62 and 2573.
31
Calculate the highest common divisor of 576 and 9.
9
Calculate the greatest common divisor of 86 and 24166.
86
What is the greatest common divisor of 91 and 14?
7
What is the greatest common divisor of 77 and 259?
7
What is the highest common divisor of 24 and 12216?
24
What is the highest common divisor of 611 and 423?
47
What is the greatest common factor of 2088 and 56?
8
What is the highest common factor of 512 and 52?
4
What is the highest common divisor of 11531 and 39?
13
Calculate the greatest common factor of 9165 and 195.
195
What is the greatest common divisor of 100 and 16?
4
Calculate the highest common factor of 5251 and 178.
89
What is the greatest common divisor of 952 and 102?
34
What is the highest common factor of 8928 and 32?
32
What is the greatest common factor of 437 and 1425?
19
Calculate the greatest common factor of 41 and 41.
41
What is the greatest common divisor of 100 and 3940?
20
What is the highest common factor of 99 and 77?
11
What is the greatest common factor of 64 and 1172?
4
What is the highest common divisor of 18 and 6822?
18
What is the greatest common divisor of 1448 and 8?
8
What is the greatest common factor of 3 and 11769?
3
What is the highest common factor of 1122 and 66?
66
What is the highest common divisor of 60 and 45?
15
What is the highest common divisor of 1533 and 651?
21
What is the highest common factor of 135 and 60?
15
What is the highest common divisor of 6102 and 594?
54
Calculate the highest common divisor of 110 and 90.
10
Calculate the greatest common divisor of 2187 and 9.
9
What is the highest common factor of 508 and 2413?
127
What is the greatest common factor of 2944 and 552?
184
Calculate the highest common factor of 322 and 92.
46
What is the greatest common factor of 11 and 209?
11
Calculate the highest common divisor of 276 and 24.
12
What is the highest common factor of 1001 and 286?
143
What is the greatest common factor of 1242 and 276?
138
Calculate the highest common divisor of 144 and 84.
12
Calculate the highest common factor of 3056 and 224.
16
Calculate the highest common factor of 14 and 224.
14
What is the highest common factor of 297 and 81?
27
Calculate the highest common divisor of 2 and 46.
2
Calculate the greatest common factor of 33 and 286.
11
What is the greatest common divisor of 576 and 117?
9
Calculate the greatest common divisor of 15 and 285.
15
Calculate the greatest common factor of 42 and 30240.
42
What is the highest common factor of 10 and 10?
10
Calculate the highest common factor of 52 and 1534.
26
What is the greatest common factor of 485 and 15?
5
What is the highest common factor of 21 and 9051?
21
Calculate the highest common factor of 84 and 35.
7
What is the greatest common divisor of 38 and 1767?
19
What is the highest common factor of 40 and 1280?
40
What is the greatest common factor of 15 and 6430?
5
Calculate the greatest common factor of 117 and 9.
9
What is the greatest common divisor of 165 and 735?
15
Calculate the greatest common factor of 8 and 52.
4
What is the highest common factor of 1199 and 218?
109
C